 - 7476 = 4*z + 3*r. What is the remainder when z is divided by 9?
6
Suppose o = d + 45, -3*d = 9 + 15. Calculate the remainder when 17*78/3 + -1 is divided by o.
34
Let b = 1007 - 714. Let n = b + -175. Calculate the remainder when 21 is divided by (-1)/(-6) + n/12.
1
Calculate the remainder when 451 is divided by (-30)/165 - 2609/(-3)*(-18)/(-66).
214
Suppose 3*i = q + 8 + 2, -4*q = 4*i - 56. Calculate the remainder when 466 is divided by q.
2
What is the remainder when 835 is divided by (190/(-25))/(((-24)/30)/2)?
18
Suppose -y - 5*u + 356 = 111, -3*u + 469 = 2*y. What is the remainder when y is divided by (-7)/(-3)*(2 - -7)?
20
What is the remainder when 54 is divided by ((-150)/35)/(1/14*-6)?
4
Let r(y) = y - 9. Let i be r(11). Calculate the remainder when 50 + (2 - 0) - (2 + i) is divided by 25.
23
Suppose 2*r - 34 = -5*w, -5*r - 4*w - 17 + 85 = 0. Let i(l) = l**2 - 184*l - 13373. Calculate the remainder when i(-56) is divided by r.
7
Suppose -f - 15 + 48 = 0. What is the remainder when 708/9*60/80 is divided by f?
26
Suppose -32452 = -2*f + 44*t - 47*t, 0 = -2*f - 2*t + 32454. What is the remainder when f is divided by 15?
14
Suppose 2*o - d = d + 34, 3*o - 51 = 2*d. Let z(p) = p**3 - 17*p**2 - p - 4. Let k be z(o). Let a = k + 188. What is the remainder when a is divided by 42?
41
Suppose 0*j = 14*j - 28. Suppose 5*n = 3*p + 258, -16 = -j*p - 2*p. Suppose c + n = 133. What is the remainder when c is divided by 27?
25
Let h(t) = -274*t + 1372. Calculate the remainder when h(4) is divided by 132.
12
Let s(n) = -4*n - 53. Let t(i) = 2*i + 26. Let b(h) = -2*s(h) - 5*t(h). Let l be b(-12). What is the remainder when 62 is divided by (l - (-5 - -2))*(2 - 0)?
2
Suppose 0 = 4*m - 4, -4*g + 2*m = 89 - 347. Suppose -2*z + g = 3*h, z + 0 = 1. Calculate the remainder when h is divided by 9.
3
Suppose 16*l = 18*l + 6, -o + 109 = 4*l. Suppose -o - 14 = -5*t. Suppose -3*m - 180 = -7*m. What is the remainder when m is divided by t?
18
Let m = 268 - -276. Suppose -6*b - 104 = m. Let g = 89 - b. What is the remainder when g is divided by 40?
37
Let q(f) = 52*f + 114. Suppose -29*w + 39*w + 20 = 0. Calculate the remainder when 224 is divided by q(w).
4
Calculate the remainder when ((-836)/57)/(1*8/(-54)) is divided by 33.
0
Let v(h) = h**2 - h - 1. Let n(m) = 4*m**2 - 73*m + 9. Let q(i) = n(i) + 4*v(i). Calculate the remainder when q(10) is divided by 15.
5
Suppose 0 = -4*d - 13 + 417. Let p be 3/(-9) - ((-2780)/(-15))/(-4). Suppose -q + 7 = -p. Calculate the remainder when d is divided by q.
48
Suppose -3*g = -244 + 7. Calculate the remainder when g is divided by 1/2*3*(-32)/(-6).
7
Suppose 79*f + 20795 = 84*f - 3*b, -3*b - 4159 = -f. Calculate the remainder when f is divided by 166.
9
Suppose -59*b - 3185 = -66*b. Let i = 481 - b. Let m = 25 + 73. What is the remainder when m is divided by i?
20
Suppose -9*x + 4*x = j - 1480, -2*j + 5*x + 3005 = 0. What is the remainder when j is divided by 3?
1
Let a(k) = -k**2 - 8*k + 6. Let p(x) = 14*x + 1. Let t be p(-1). Let h(v) = -v**3 - 12*v**2 + 11*v - 13. What is the remainder when a(-5) is divided by h(t)?
8
Let q = 9374 + -8353. Calculate the remainder when q is divided by 482.
57
Suppose m = 2*i + 69 + 100, -m + 159 = -4*i. Let n = m + -142. What is the remainder when 108 is divided by n?
34
Let t = 1057 - 591. Suppose 488 = 470*h - t*h. What is the remainder when h is divided by 25?
22
Let w = 16110 - 16109. Calculate the remainder when 2636 is divided by w.
0
Let q(m) = 12*m**2 - 501*m + 47. What is the remainder when q(42) is divided by 109?
64
What is the remainder when 8/((-16944)/230976 + 1/12) is divided by 90?
82
Suppose -8*g - n = -5*g + 26, 5*n - 50 = 5*g. Calculate the remainder when 1*(0 + 1169 + g + 9) is divided by 26.
25
Suppose 8*q + 483 = 11*q. Calculate the remainder when 1446 is divided by q.
158
Let c = 32 - -22. Let y(p) = p**3 - p**2 - 14*p - 3. Let d be y(-3). Suppose d + c = 3*r. What is the remainder when r is divided by 5?
4
Suppose -j - k - 3*k = -63, -3*k = -3. Suppose v = 3*x - 100, 5*x + v - 239 = -83. Calculate the remainder when j is divided by x.
27
Suppose -57*w + 4437 = -10*w + 4*w. Calculate the remainder when 95 is divided by w.
8
Let v = 1438 + -1310. What is the remainder when 612 is divided by v?
100
Suppose -24*j - 5*j + 552 = -5*j. Calculate the remainder when 408 is divided by j.
17
Let x = 262 - 255. Suppose 5*z = 3*q - 257, -5*q + 5*z + 418 = x*z. What is the remainder when 668 is divided by q?
80
Let b = 5 + -2. Suppose b*n + 12 = 33. Let t(h) = -h**3 - 48*h**2 - 555*h + 157. Calculate the remainder when t(-28) is divided by n.
3
Let c(k) = -8*k - 5. Let z(x) = 36 + 51 + 47 - 98 + 57*x. Let t(s) = 15*c(s) + 2*z(s). Calculate the remainder when 81 is divided by t(-4).
18
Suppose -10 = -0*l + 5*l. Let g = 4187 + -4169. What is the remainder when g is divided by 3/(1 - l/(-5))?
3
Let f be (((-2)/5)/(-1))/((-18)/(-6840)). Let q = 175 - f. What is the remainder when 60 is divided by q?
14
Suppose 6*n = 5*u + 10*n - 260, 5*u - 260 = -n. Calculate the remainder when u is divided by 30 - (-74)/(-37)*6/4.
25
Let m(d) = d**3 + 3*d**2 + 1. Let q be m(-2). Suppose 20 = q*z - 3*t, 10 = 4*z + 5*t - 6. Let g = 335 + -322. Calculate the remainder when g is divided by z.
1
Suppose x - 755 = -4*x. Suppose 3*p - x = 68. Let v = 597 - 582. Calculate the remainder when p is divided by v.
13
Let w(l) = -219*l**3 - 2*l**2 - 2*l. What is the remainder when w(-1) is divided by 17?
15
Let m = -105 - -159. Suppose -51*s - 93 = -m*s. What is the remainder when 338 is divided by s?
28
Suppose 10*j + 1859 = -5*b + 6*j, 4*b - 4*j = -1480. Let d = b + 409. What is the remainder when 89 is divided by d?
13
Let w(y) = -5*y**3 + 2*y + 1. Suppose 91*v - 96*v = -800. Suppose 10*h + 6*h = v. Calculate the remainder when h is divided by w(-1).
2
Let b be ((-2)/3)/(31/(-279)). Calculate the remainder when 26 is divided by (-20)/b*(7 - (-295)/(-25)).
10
Suppose -4*f + 40 = 3*k, 14*k - f = 13*k + 4. Suppose -k*c = -1231 + 199. Calculate the remainder when c is divided by 38.
15
Suppose -36*t + 51440 + 8742 = 11330. Calculate the remainder when t is divided by 337.
9
Let q be 1032/(-24) + (-2 - 0/(-2)). Let j = q - -49. Suppose 2*l + 4 = 0, 0 = -4*k - 3*l + 34 + j. Calculate the remainder when 32 is divided by k.
10
Suppose 2*i + 6 = 0, 0 = 4*p - 2*i - 3*i + 97. Let z = p + 100. Suppose 5*w - 25 = 0, 0*w = -3*q - w + 62. What is the remainder when z is divided by q?
15
Let y = 296 + -199. Suppose -150 = 4*r - 10*r. Calculate the remainder when y is divided by r.
22
Suppose -566*q = -570*q + 2752. What is the remainder when q is divided by 71?
49
Suppose 439*z - 198*z - 315710 = 0. Calculate the remainder when z is divided by 407.
89
Suppose -450*f + 453*f + 372 = 1962. What is the remainder when f is divided by 28?
26
Suppose 3*t + 5*p - 120 = 0, 3*p + 603 = 2*t + 523. Calculate the remainder when 328 is divided by t.
8
Suppose -5*v + 95 + 595 = -280. What is the remainder when v is divided by 45?
14
Let a(d) = -d**3 + 69*d**2 - 2 - 5*d + 2*d - 7*d - 61*d**2. What is the remainder when 147 is divided by a(6)?
7
Suppose 0 = -19*l + 24*l - 105. Let i(a) = 4*a - 7. Let o be i(9). Let m = -23 + o. Calculate the remainder when l is divided by m.
3
Calculate the remainder when (-37215)/(-25) + 36/15 is divided by 143.
61
Let z(n) = -2*n**2 - 24*n - 16. Let v be z(-8). Suppose -v = -9*j + 231. Calculate the remainder when 113 is divided by j.
20
Suppose 420*h - 431*h = -748. What is the remainder when h is divided by 24?
20
Let f(z) = -10*z - 106. Let d be f(-11). Suppose -d*v = 5 - 65. Suppose i + 3*j = -3*i + 30, -5*j + 17 = 3*i. What is the remainder when v is divided by i?
6
Suppose 1779 = 16*p + 1651. Calculate the remainder when 358 is divided by p.
6
Suppose -79*x + 4549 = 6027 - 33631. Calculate the remainder when 1264 is divided by x.
43
What is the remainder when 458 is divided by (-66)/(-561) + 16/68*450?
34
Let j = 742 - 377. Let m(s) = -s**2 + 77*s - 1160. What is the remainder when j is divided by m(21)?
13
Let o = -10477 - -10565. What is the remainder when 165 is divided by o?
77
Let f(j) be the first derivative of -3*j**2/2 - 2*j + 33. Calculate the remainder when 78 is divided by f(-12).